{"id":203,"date":"2025-06-08T21:30:55","date_gmt":"2025-06-08T21:30:55","guid":{"rendered":"https:\/\/biserica-esbjerg.dk\/?page_id=203"},"modified":"2026-03-28T23:30:49","modified_gmt":"2026-03-28T23:30:49","slug":"ora-de-religie","status":"publish","type":"page","link":"https:\/\/biserica-esbjerg.dk\/index.php\/activitate\/ora-de-religie\/","title":{"rendered":"Ora de Religie"},"content":{"rendered":"<p><img loading=\"lazy\" decoding=\"async\" class=\"size-large wp-image-311 aligncenter\" src=\"https:\/\/biserica-esbjerg.dk\/wp-content\/uploads\/2026\/03\/Sala-de-clasa-Religie-1024x576.jpeg\" alt=\"\" width=\"780\" height=\"439\" srcset=\"https:\/\/biserica-esbjerg.dk\/wp-content\/uploads\/2026\/03\/Sala-de-clasa-Religie-1024x576.jpeg 1024w, https:\/\/biserica-esbjerg.dk\/wp-content\/uploads\/2026\/03\/Sala-de-clasa-Religie-300x169.jpeg 300w, https:\/\/biserica-esbjerg.dk\/wp-content\/uploads\/2026\/03\/Sala-de-clasa-Religie-768x432.jpeg 768w, https:\/\/biserica-esbjerg.dk\/wp-content\/uploads\/2026\/03\/Sala-de-clasa-Religie-1536x864.jpeg 1536w, https:\/\/biserica-esbjerg.dk\/wp-content\/uploads\/2026\/03\/Sala-de-clasa-Religie.jpeg 2048w\" sizes=\"auto, (max-width: 780px) 100vw, 780px\" \/><\/p>\n<p>\u00cen parohia noastr\u0103 din Esbjerg, Danemarca, tradi\u021bia \u0219i credin\u021ba ortodox\u0103 prind via\u021b\u0103 \u00een cadrul activit\u0103\u021bii numite \u201eOra de Religie\u201d. Aceast\u0103 activitate special\u0103, dedicat\u0103 copiilor parohiei de toate v\u00e2rstele, reprezint\u0103 o oportunitate minunat\u0103 pentru cei mici de a aprofunda \u00eenv\u0103\u021b\u0103tura religioas\u0103 \u00eentr-un mod atractiv \u0219i interactiv.<\/p>\n<p><a href=\"https:\/\/biserica-esbjerg.dk\/wp-content\/uploads\/2025\/06\/WhatsApp-Image-2025-06-08-at-22.58.29.jpeg\"><img loading=\"lazy\" decoding=\"async\" class=\"aligncenter size-large wp-image-204\" src=\"https:\/\/biserica-esbjerg.dk\/wp-content\/uploads\/2025\/06\/WhatsApp-Image-2025-06-08-at-22.58.29-1024x768.jpeg\" alt=\"\" width=\"780\" height=\"585\" srcset=\"https:\/\/biserica-esbjerg.dk\/wp-content\/uploads\/2025\/06\/WhatsApp-Image-2025-06-08-at-22.58.29-1024x768.jpeg 1024w, https:\/\/biserica-esbjerg.dk\/wp-content\/uploads\/2025\/06\/WhatsApp-Image-2025-06-08-at-22.58.29-300x225.jpeg 300w, https:\/\/biserica-esbjerg.dk\/wp-content\/uploads\/2025\/06\/WhatsApp-Image-2025-06-08-at-22.58.29-768x576.jpeg 768w, https:\/\/biserica-esbjerg.dk\/wp-content\/uploads\/2025\/06\/WhatsApp-Image-2025-06-08-at-22.58.29-1536x1152.jpeg 1536w, https:\/\/biserica-esbjerg.dk\/wp-content\/uploads\/2025\/06\/WhatsApp-Image-2025-06-08-at-22.58.29.jpeg 1600w\" sizes=\"auto, (max-width: 780px) 100vw, 780px\" \/><\/a><\/p>\n<p>&nbsp;<\/p>\n<p><strong>O lec\u021bie de religie plin\u0103 de semnifica\u021bie<\/strong><\/p>\n<p>\u00cen cadrul \u201eOrei de Religie\u201d ce are loc \u00een fiecare duminic\u0103 dup\u0103 Sf\u00e2nta \u00cemp\u0103rt\u0103\u0219anie \u00een sala de clas\u0103 de la etajul bisericii, copiii particip\u0103 la o lec\u021bie de religie \u00een care li se explic\u0103 evanghelia zilei. Prietenos \u0219i r\u0103bd\u0103tor, domnul teolog Daniel Robu le poveste\u0219te \u00een mod simplu \u0219i clar \u00eenv\u0103\u021b\u0103tura Domnului, adaptat\u0103 v\u00e2rstei lor, pentru a le st\u00e2rni curiozitatea \u0219i dragostea fa\u021b\u0103 de Dumnezeu. Copiii au posibilitatea s\u0103 pun\u0103 \u00eentreb\u0103ri, s\u0103 \u00ee\u0219i exprime g\u00e2ndurile \u0219i s\u0103 \u00een\u021beleag\u0103 mai bine mesajele importante ale Bibliei.<\/p>\n<p><strong>Vizionarea filmule\u021belor \u0219i activit\u0103\u021bi creative<\/strong><\/p>\n<p>Pentru a face \u00eenv\u0103\u021b\u0103tura mai captivant\u0103, se urm\u0103resc filmule\u021be cu teme religioase, care explic\u0103 pove\u0219ti biblice \u0219i valori cre\u0219tine \u00eentr-un mod accesibil \u0219i atractiv. Aceste materiale vizuale stimuleaz\u0103 imagina\u021bia copiilor \u0219i \u00eei ajut\u0103 s\u0103 interiorizeze mesajele evanghelice.<\/p>\n<p>De asemenea, copiii se bucur\u0103 de activit\u0103\u021bi creative precum desenatul \u0219i coloratul imaginilor biblice. Prin aceste activit\u0103\u021bi, ei pot exprima ceea ce au \u00een\u021beles \u0219i sim\u021bit \u00een timpul lec\u021biei, consolid\u00e2nd astfel cuno\u0219tin\u021bele dob\u00e2ndite. Culorile \u0219i desenele lor devin o form\u0103 de exprimare a credin\u021bei \u0219i a iubirii fa\u021b\u0103 de Dumnezeu.<\/p>\n<p><a href=\"https:\/\/biserica-esbjerg.dk\/wp-content\/uploads\/2025\/06\/WhatsApp-Image-2025-06-08-at-22.58.29-1.jpeg\"><img loading=\"lazy\" decoding=\"async\" class=\"aligncenter size-large wp-image-205\" src=\"https:\/\/biserica-esbjerg.dk\/wp-content\/uploads\/2025\/06\/WhatsApp-Image-2025-06-08-at-22.58.29-1-768x1024.jpeg\" alt=\"\" width=\"768\" height=\"1024\" srcset=\"https:\/\/biserica-esbjerg.dk\/wp-content\/uploads\/2025\/06\/WhatsApp-Image-2025-06-08-at-22.58.29-1-768x1024.jpeg 768w, https:\/\/biserica-esbjerg.dk\/wp-content\/uploads\/2025\/06\/WhatsApp-Image-2025-06-08-at-22.58.29-1-225x300.jpeg 225w, https:\/\/biserica-esbjerg.dk\/wp-content\/uploads\/2025\/06\/WhatsApp-Image-2025-06-08-at-22.58.29-1-1152x1536.jpeg 1152w, https:\/\/biserica-esbjerg.dk\/wp-content\/uploads\/2025\/06\/WhatsApp-Image-2025-06-08-at-22.58.29-1.jpeg 1200w\" sizes=\"auto, (max-width: 768px) 100vw, 768px\" \/><\/a><\/p>\n<p><strong>\u00cenv\u0103\u021barea rug\u0103ciunilor \u0219i dezvoltarea spiritual\u0103<\/strong><\/p>\n<p>O parte important\u0103 a \u201eOrei de Religie\u201d o reprezint\u0103 \u0219i \u00eenv\u0103\u021barea rug\u0103ciunilor. Copiii repet\u0103 \u0219i \u00eenva\u021b\u0103 rug\u0103ciuni simple, precum \u201eTat\u0103l nostru\u201d, \u201e\u00cemp\u0103rate Ceresc\u201d,\u00a0 \u201eCuvine-se cu adev\u0103rat\u201d sau alte rug\u0103ciuni specifice v\u00e2rstei lor. Prin aceste momente, ei \u00eenva\u021b\u0103 s\u0103 se roage \u0219i s\u0103 \u00ee\u0219i exprime credin\u021ba, dezvolt\u00e2nd o rela\u021bie personal\u0103 cu Dumnezeu.<\/p>\n<p><strong>O zi plin\u0103 de credin\u021b\u0103 \u0219i iubire<\/strong><\/p>\n<p>\u201eOra de Religie\u201d la Parohia noastr\u0103 din Esbjerg nu este doar o activitate educa\u021bional\u0103, ci \u0219i o ocazie de a \u00eent\u0103ri leg\u0103tura copiilor cu credin\u021ba ortodox\u0103 \u0219i cu comunitatea parohial\u0103. \u00cempreun\u0103, ei descoper\u0103 frumuse\u021bea \u00eenv\u0103\u021b\u0103turii lui Hristos \u0219i \u00eenva\u021b\u0103 s\u0103 tr\u0103iasc\u0103 conform valorilor cre\u0219tine.<\/p>\n<p>Aceast\u0103 activitate se desf\u0103\u0219oar\u0103 cu mult drag \u0219i dedicare, fiind un pas important \u00een formarea spiritual\u0103 a celor mici, pentru a deveni mai buni, mai iubitori \u0219i mai credincio\u0219i.<\/p>\n<p><a href=\"https:\/\/biserica-esbjerg.dk\/wp-content\/uploads\/2025\/06\/oradereligie1.jpg\"><img loading=\"lazy\" decoding=\"async\" class=\"aligncenter size-large wp-image-206\" src=\"https:\/\/biserica-esbjerg.dk\/wp-content\/uploads\/2025\/06\/oradereligie1-1024x768.jpg\" alt=\"\" width=\"780\" height=\"585\" srcset=\"https:\/\/biserica-esbjerg.dk\/wp-content\/uploads\/2025\/06\/oradereligie1-1024x768.jpg 1024w, https:\/\/biserica-esbjerg.dk\/wp-content\/uploads\/2025\/06\/oradereligie1-300x225.jpg 300w, https:\/\/biserica-esbjerg.dk\/wp-content\/uploads\/2025\/06\/oradereligie1-768x576.jpg 768w, https:\/\/biserica-esbjerg.dk\/wp-content\/uploads\/2025\/06\/oradereligie1-1536x1152.jpg 1536w, https:\/\/biserica-esbjerg.dk\/wp-content\/uploads\/2025\/06\/oradereligie1.jpg 1600w\" sizes=\"auto, (max-width: 780px) 100vw, 780px\" \/><\/a><\/p>\n<p><strong>Concluzie<\/strong><\/p>\n<p>\u201eOra de Religie\u201d reprezint\u0103 un exemplu de activitate educa\u021bional\u0103 \u0219i spiritual\u0103 adaptat\u0103 copiilor din parohia noastr\u0103. Prin pove\u0219ti, vizion\u0103ri, desen \u0219i rug\u0103ciune, micii credincio\u0219i \u00ee\u0219i \u00eent\u0103resc credin\u021ba \u0219i \u00een\u021belegerea evangheliei, preg\u0103tindu-se s\u0103 devin\u0103 adep\u021bi ai iubirii \u0219i binelui \u00een lumea noastr\u0103.<\/p>\n<p>Dac\u0103 dori\u021bi s\u0103 afla\u021bi mai multe informa\u021bii despre acest proiect, v\u0103 pute\u021bi adresa p\u0103rintelui paroh Claudiu Cetera\u0219, sau domnului Daniel Robu.<\/p>\n<p><img loading=\"lazy\" decoding=\"async\" class=\"size-large wp-image-312 aligncenter\" src=\"https:\/\/biserica-esbjerg.dk\/wp-content\/uploads\/2026\/03\/Sala-de-clasa-Religie-2-576x1024.jpeg\" alt=\"\" width=\"576\" height=\"1024\" srcset=\"https:\/\/biserica-esbjerg.dk\/wp-content\/uploads\/2026\/03\/Sala-de-clasa-Religie-2-576x1024.jpeg 576w, https:\/\/biserica-esbjerg.dk\/wp-content\/uploads\/2026\/03\/Sala-de-clasa-Religie-2-169x300.jpeg 169w, https:\/\/biserica-esbjerg.dk\/wp-content\/uploads\/2026\/03\/Sala-de-clasa-Religie-2-768x1365.jpeg 768w, https:\/\/biserica-esbjerg.dk\/wp-content\/uploads\/2026\/03\/Sala-de-clasa-Religie-2-864x1536.jpeg 864w, https:\/\/biserica-esbjerg.dk\/wp-content\/uploads\/2026\/03\/Sala-de-clasa-Religie-2.jpeg 1152w\" sizes=\"auto, (max-width: 576px) 100vw, 576px\" \/><\/p>\n","protected":false},"excerpt":{"rendered":"<p>\u00cen parohia noastr\u0103 din Esbjerg, Danemarca, tradi\u021bia \u0219i credin\u021ba ortodox\u0103 prind via\u021b\u0103 \u00een cadrul activit\u0103\u021bii numite \u201eOra de Religie\u201d. Aceast\u0103 activitate special\u0103, dedicat\u0103 copiilor parohiei de toate v\u00e2rstele, reprezint\u0103 o [&hellip;]<\/p>\n","protected":false},"author":3,"featured_media":309,"parent":26,"menu_order":0,"comment_status":"closed","ping_status":"closed","template":"","meta":{"footnotes":""},"class_list":["post-203","page","type-page","status-publish","has-post-thumbnail","hentry"],"_links":{"self":[{"href":"https:\/\/biserica-esbjerg.dk\/index.php\/wp-json\/wp\/v2\/pages\/203","targetHints":{"allow":["GET"]}}],"collection":[{"href":"https:\/\/biserica-esbjerg.dk\/index.php\/wp-json\/wp\/v2\/pages"}],"about":[{"href":"https:\/\/biserica-esbjerg.dk\/index.php\/wp-json\/wp\/v2\/types\/page"}],"author":[{"embeddable":true,"href":"https:\/\/biserica-esbjerg.dk\/index.php\/wp-json\/wp\/v2\/users\/3"}],"replies":[{"embeddable":true,"href":"https:\/\/biserica-esbjerg.dk\/index.php\/wp-json\/wp\/v2\/comments?post=203"}],"version-history":[{"count":3,"href":"https:\/\/biserica-esbjerg.dk\/index.php\/wp-json\/wp\/v2\/pages\/203\/revisions"}],"predecessor-version":[{"id":313,"href":"https:\/\/biserica-esbjerg.dk\/index.php\/wp-json\/wp\/v2\/pages\/203\/revisions\/313"}],"up":[{"embeddable":true,"href":"https:\/\/biserica-esbjerg.dk\/index.php\/wp-json\/wp\/v2\/pages\/26"}],"wp:featuredmedia":[{"embeddable":true,"href":"https:\/\/biserica-esbjerg.dk\/index.php\/wp-json\/wp\/v2\/media\/309"}],"wp:attachment":[{"href":"https:\/\/biserica-esbjerg.dk\/index.php\/wp-json\/wp\/v2\/media?parent=203"}],"curies":[{"name":"wp","href":"https:\/\/api.w.org\/{rel}","templated":true}]}}